In base 3, what is 1122121022 - -1?
1122121100
In base 16, what is -1ed65 + -4?
-1ed69
In base 2, what is -10 - -1100011100110?
1100011100100
In base 15, what is 843 - -5?
848
In base 8, what is -301420 + 2?
-301416
In base 4, what is 23013 - -230?
23303
In base 4, what is 21 + 200021?
200102
In base 2, what is 111001 - 10010101101?
-10001110100
In base 6, what is 25312 - -22?
25334
In base 12, what is -10778 + 0?
-10778
In base 14, what is -1dc5 + -3?
-1dc8
In base 9, what is -22517 - 181?
-22708
In base 16, what is -2 + -397?
-399
In base 8, what is 2 - 5275?
-5273
In base 7, what is -3 + -3333302?
-3333305
In base 6, what is 1112323 + 25?
1112352
In base 16, what is -360d - 8?
-3615
In base 6, what is 112341 + -34?
112303
In base 7, what is 456145 - 23?
456122
In base 7, what is -1 + 600655?
600654
In base 3, what is 1021000 + 1102002?
2200002
In base 2, what is -1 - 111101000000011011?
-111101000000011100
In base 12, what is -4 - -10a2b5?
10a2b1
In base 9, what is -4361 + 286?
-4064
In base 7, what is 2 + 224661?
224663
In base 2, what is 100111001011010011 + 10?
100111001011010101
In base 10, what is 6242 - 86?
6156
In base 15, what is 0 + -10702?
-10702
In base 3, what is -20 - -11221121?
11221101
In base 11, what is -5 + -140605?
-14060a
In base 6, what is 10455011 - 3?
10455004
In base 13, what is 0 - 162910?
-162910
In base 3, what is -22002211001220 - -2?
-22002211001211
In base 14, what is -540 + 45?
-4d9
In base 12, what is -72 + -385?
-437
In base 5, what is 42112 + 244?
42411
In base 7, what is -36422 - -1225?
-35164
In base 4, what is 2330 + -1200300?
-1131310
In base 13, what is -1 + -7b21?
-7b22
In base 14, what is 868 + -8?
860
In base 3, what is 1221 - 12202?
-10211
In base 13, what is -4b26a - 9?
-4b276
In base 4, what is 0 - 10123312?
-10123312
In base 13, what is 158a3 - -2?
158a5
In base 13, what is c64 - a6?
b8b
In base 8, what is -5157 + 1432?
-3525
In base 16, what is -b136d - -3?
-b136a
In base 5, what is -112014 + -1?
-112020
In base 3, what is -22 + 12210110002?
12210102210
In base 11, what is -1153 + -27?
-117a
In base 8, what is 63676 + 12?
63710
In base 7, what is -123 - 1222?
-1345
In base 2, what is 111110 + 101000000101?
101001000011
In base 11, what is 6 - -5a2?
5a8
In base 14, what is -7 - 436d8?
-43701
In base 10, what is 15373 + -15?
15358
In base 16, what is -5 + -1d592?
-1d597
In base 3, what is 1221011111 + 0?
1221011111
In base 13, what is -1342 + -79?
-13bb
In base 7, what is 123253 + -4?
123246
In base 14, what is 5 + -d0c38?
-d0c33
In base 12, what is b - 2a41?
-2a32
In base 7, what is -145646 + 2?
-145644
In base 11, what is 5280 - -55?
5325
In base 6, what is 45 + 343?
432
In base 7, what is -212 + 22535?
22323
In base 5, what is 10 + 221023?
221033
In base 10, what is -4 + 5231?
5227
In base 16, what is -5 - -8db6?
8db1
In base 2, what is 10 - -1000110111101001?
1000110111101011
In base 10, what is -135 - 288?
-423
In base 5, what is -22 + 10133201?
10133124
In base 3, what is 0 + -202022110?
-202022110
In base 2, what is 10 + 1110101101000001001?
1110101101000001011
In base 12, what is -11664 - -15?
-1164b
In base 11, what is -2066347 - -3?
-2066344
In base 2, what is -1010101011010001001111 + 1?
-1010101011010001001110
In base 7, what is -1 - -636331?
636330
In base 7, what is 10 + 43?
53
In base 6, what is 4004 - -1430?
5434
In base 14, what is 1ab83 + 1?
1ab84
In base 7, what is -40 - 254250?
-254320
In base 9, what is 1307 + -202?
1105
In base 16, what is -54 - -150c?
14b8
In base 16, what is 4 + 1208?
120c
In base 8, what is -3 + -307730?
-307733
In base 12, what is -209a + 3?
-2097
In base 13, what is -78a + 4?
-786
In base 14, what is -196d - -293?
-16ba
In base 7, what is 2121 - 11642?
-6521
In base 16, what is 178 + 5ab?
723
In base 15, what is -2 - 6044?
-6046
In base 12, what is -53a + -15?
-553
In base 11, what is 3648a0 - -5?
3648a5
In base 15, what is -1 + 13b97?
13b96
In base 13, what is 2 + -3941?
-393c
In base 15, what is 2936 + -3?
2933
In base 9, what is -435 - -1308?
763
In base 13, what is -1438 - -399?
-106c
In base 14, what is aaa5 + 42?
ab07
In base 7, what is -3 + -444626?
-444632
In base 10, what is -22408 + -4?
-22412
In base 4, what is 13 + 213301323?
213302002
In base 11, what is -4 - a826?
-a82a
In base 10, what is -2 + -15350?
-15352
In base 4, what is -3300010 - 1220?
-3301230
In base 16, what is -100 - 100?
-200
In base 4, what is -10 - -213031?
213021
In base 12, what is -45 - 15819?
-15862
In base 5, what is 204 + -3320?
-3111
In base 16, what is 2 - 8cd79?
-8cd77
In base 12, what is -1 - 621b3?
-621b4
In base 15, what is 2894a + -1?
28949
In base 7, what is 22204 + -4?
22200
In base 10, what is -135 + 4076?
3941
In base 6, what is 4042 - 1342?
2300
In base 3, what is -120220221 + 10121?
-120210100
In base 13, what is -96 + 23b?
175
In base 8, what is -2102330 - -5?
-2102323
In base 6, what is 5 - -1110535?
1110544
In base 10, what is -55 + -8612?
-8667
In base 7, what is -153 - -250?
64
In base 14, what is 1617 + 7?
1620
In base 2, what is -101101110001 + 11011001?
-101010011000
In base 15, what is 4 + -14b03?
-14aee
In base 5, what is -1413242 - 23?
-1413320
In base 4, what is 11 - 231023?
-231012
In base 6, what is 4133 - -11034?
15211
In base 13, what is 30aa + c?
30b9
In base 6, what is 5 - 111052?
-111043
In base 12, what is 1751 - -1?
1752
In base 16, what is -1 - 15ae8?
-15ae9
In base 14, what is 14 + 32a9?
32bd
In base 16, what is 9e6 - 62?
984
In base 13, what is 2 + -16b?
-169
In base 15, what is -2 + e6a67?
e6a65
In base 11, what is 17a71 - -5?
17a76
In base 16, what is -b6 - d?
-c3
In base 5, what is -112204 + 30?
-112124
In base 16, what is -9653 - 1?
-9654
In base 9, what is -448 - -3010?
2451
In base 15, what is 3 + 17025b?
17025e
In base 7, what is 30 - -32664?
33024
In base 3, what is 122 - 20100?
-12201
In base 16, what is -79db2 - 0?
-79db2
In base 3, what is -110202002 - -1?
-110202001
In base 7, what is -603 - 26236?
-30142
In base 12, what is -19 + 12871?
12854
In base 3, what is 1100 - -1102120001?
1102121101
In base 14, what is -982 - -2?
-980
In base 13, what is 10255 + 1?
10256
In base 3, what is 11 + 1121111122002?
1121111122020
In base 6, what is 2414152 + 1?
2414153
In base 3, what is 2010 - -220?
10000
In base 6, what is 5233 + 404?
10041
In base 13, what is 5169 - 19?
5150
In base 10, what is -2 + -17030?
-17032
In base 5, what is -423042 + -20?
-423112
In base 8, what is 3 + 4070?
4073
In base 10, what is -200 + 789?
589
In base 7, what is -1114 + 33?
-1051
In base 9, what is 4 + -205335?
-205331
In base 7, what is -3 - -462313?
462310
In base 7, what is 1 - 263531?
-263530
In base 5, what is 12 - -200003?
200020
In base 14, what is -9d - -3c?
-61
In base 12, what is 1547 + -1a?
1529
In base 10, what is -2963 - -771?
-2192
In base 16, what is -10d - 35b1?
-36be
In base 15, what is 24 - 163?
-13e
In base 2, what is 1111 + -11000110011?
-11000100100
In base 9, what is -4 - 755636?
-755641
In base 11, what is -109a769 - 3?
-109a771
In base 14, what is -a2b7 - 22?
-a2d9
In base 4, what is 111212 - 2222?
102330
In base 5, what is 22214320 + 0?
22214320
In base 11, what is 392 - 3440?
-3059
In base 9, what is 2243 + -5?
2237
In base 12, what is -9054 - 27?
-907b
In base 5, what is -4 - 432424?
-432433
In base 10, what is -5722 - 4?
-5726
In base 3, what is -1021 + -1021101?
-1022122
In base 12, what is 100 - -1431?
1531
In base 7, what is -4 - -1033421?
1033414
In base 12, what is -51b + -10?
-52b
In base 14, what is 19978b - 2?
199789
In base 14, what is 170 - -59?
1c9
In base 7, what is 4 + 2021634?
2021641
In base 4, what is 331103210 - 11?
331103133
In base 10, what is -30 - -2084?
2054
In base 6, what is 2 + 13452?
13454
In base 3, what is -202 + -2112122?
-2120101
In base 6, what is 1004 - -25314?
30322
In base 9, what is 3 - 11320?
-11316
In base 8, what is -170 - 15705?
-16075
In base 15, what is -e5ba + 7?
-e5b3
In base 12, what is 169 + 85?
232
In base 9, what is -1365 + 37?
-1327
In base 6, what is 133 - -1051?
1224
In base 12, what is -4046 + 5?
-4041
In base 3, what is -22000 + -10202?
-102202
In base 13, what is -ba0 - -20?
-b80
In base 16, what is -115a + e5?
-1075
In base 10, what is -5 + 28521?
28516
In base 16,